at is the tens digit of d?
2
What is the ten thousands digit of ((-12)/30)/(8/(-767160))?
3
Suppose -331273 = -5*s - f, 0 = -373*s + 371*s + 3*f + 132533. What is the hundreds digit of s?
2
Let g = -342 + 514. Suppose 6*p + g = 10*p. What is the units digit of p?
3
Suppose -19*c + 44*c - 22575 = 0. Suppose c = -53*h + 60*h. What is the hundreds digit of h?
1
Let x(c) = 1167*c + 768. What is the thousands digit of x(6)?
7
Let i be (-5)/5 - -38 - 1. Suppose 3*d + 2*h - i = 5*h, 0 = d + 4*h - 7. Suppose 0 = -d*j + 12*j - 149. What is the hundreds digit of j?
1
Let l = 438 + -424. Suppose l*b - 2*g + 359 = 15*b, 0 = -2*g + 10. What is the units digit of b?
9
What is the tens digit of -36 + (-405)/(-15) + 15396/3?
2
Let z be (12/(-9) - -2) + (-34)/(-3). Suppose z*a - 2 - 10 = 0. What is the hundreds digit of (1 + -2)/a + 132 + 0?
1
Let l(y) = -y**3 + 4*y**2 + 16*y. Suppose 22*b - 14*b - 16 = 0. Suppose h - b = -8. What is the tens digit of l(h)?
6
What is the ten thousands digit of -912*808/10*(-21)/(3024/120)?
6
Let d = -39 - -68. Let b = -58 + d. Let l = b - -217. What is the tens digit of l?
8
Suppose -26*d + 404 = -25*d. Suppose 2*u + r - 188 = 0, 6*u = 2*u + 5*r + d. What is the tens digit of u/5 + (-1)/5?
1
Let j(z) = 2*z**3 - 21*z**2 + 8*z + 18. Let k(g) = g + 13. Let y be k(-3). Let t be j(y). What is the tens digit of (-7)/(((-3)/(-171))/(t/6))?
3
Let r be -6 - (-3)/(-6)*876. Let d = 1062 + r. What is the hundreds digit of d?
6
Let g be ((-6)/(-15))/((-3)/15). What is the units digit of g - 9*(-10)/15?
4
Let s(q) = 19*q**2 - 14. Let z be s(-4). Let t = 145 + z. What is the units digit of t?
5
Let z = 812 - 1202. Let f = 122 - z. What is the hundreds digit of f?
5
Suppose -2*v - 5*v + 196 = 0. What is the hundreds digit of 40720/v + 8/(-28)?
4
Let t(s) = 16*s**2 + 32*s - 573. What is the hundreds digit of t(16)?
0
Let a be (-2 + 1)/((-1)/41). Let p = -438 - -434. Let z = a + p. What is the tens digit of z?
3
Suppose -g = 5*l + 1, g + 2*g = 5*l + 17. Suppose p + 951 = -x - g*x, -p = 3*x + 569. Let h = x - -389. What is the tens digit of h?
9
Let i(c) = c**3 - 11*c**2 - 18*c + 22. Let h be i(16). Suppose -h = -14*w + 1716. What is the hundreds digit of w?
1
Let f = -9 + -15. Let s be ((-124)/(-6))/((-2)/f). Suppose s = 12*i - 8*i. What is the units digit of i?
2
Suppose 3*i + 3*v - 4916 = 2*i, -4*i + 19584 = -4*v. Suppose 1869 = 10*q - i. What is the units digit of q?
7
Let y be 11 + -13 + 8/2. Suppose 4*f + y = 10. Suppose f*j - v - 153 = 29, j + v - 91 = 0. What is the tens digit of j?
9
Suppose -15 + 0 = -g. Suppose 0 = -5*v - g, -5*v + 2 = 2*q + 15. What is the units digit of 88 + 3 + (q + 4 - 2)?
4
Suppose 41 = 6*s + 11. Suppose -4*v = 3*t - 1946, -s*v = -3*t + 2*t + 636. What is the units digit of t?
6
Suppose 3 = 6*z - 5*z. Suppose 2*k - 688 = z*x, 922 = -4*x + 2*k + 3*k. Let v = 321 + x. What is the units digit of v?
3
Let d(u) = 600*u**2 + 18*u + 8. What is the thousands digit of d(7)?
9
Suppose r + 68 = 2*w + 3*r, r + 116 = 4*w. Let t = 329 - 17. What is the units digit of t/5 + (-12)/w?
2
Let p(k) = 27*k + 18. Let l(x) = x**2 + 27*x + 62. Let d be l(-25). What is the units digit of p(d)?
2
Let s = 4303 - 2213. What is the tens digit of s?
9
Let k(m) be the first derivative of 6*m**2 - 3*m**2 + 31 - m - 7*m**2. What is the hundreds digit of k(-14)?
1
What is the hundreds digit of (-36)/(12 + 46840/(-3900))?
5
Suppose -41480 = -4*k - 4*u, -27*k = -28*k - 5*u + 10382. What is the tens digit of k?
6
Let k(n) = -n**3 + 39*n**2 - 6*n - 175. What is the units digit of k(37)?
1
Suppose -2*m = 4, 4*m - 6*m = 2*d - 10644. Suppose 8251 = 25*r - d. What is the units digit of r?
3
Let u(p) = 3*p**3 + 6*p**2 - 4*p + 3. Let g be u(-5). Let x = g - -676. Suppose -24 = 5*m - x. What is the tens digit of m?
9
Let b(n) = -2*n**3 - 10*n**2 - n + 12. Let v be b(-5). Suppose 22*o + 5*h = v*o + 160, -2*h = -3*o + 71. What is the units digit of o?
7
Let j = -9679 - -15498. What is the tens digit of j?
1
Let t(c) = -3*c**3 - 18*c**2 - 38*c - 41. What is the ten thousands digit of t(-20)?
1
Let o be (2/(-3) - -1) + (-2300)/(-30). Let f be -3*(66/o)/(18/28). What is the tens digit of f/12*-9 + 80?
8
Let r be 818 + -7 - (0/1 + -1). Suppose 0 = -2*j + 2*v - 16 + 584, 5*v = -3*j + r. What is the tens digit of j?
7
Suppose -7*p + 3*g + 103 = -3*p, 0 = -5*p + 2*g + 134. What is the hundreds digit of -14*(p + -29)*67/2?
4
What is the tens digit of (-63025)/(-25) - (7 + 7)?
0
Suppose 148 = 6*c - 10*c. Let y = 37 + c. Suppose y = -14*l + 13*l + 237. What is the hundreds digit of l?
2
Suppose 9*s - 4*s + 390*s - 16793030 = 0. What is the units digit of s?
4
Suppose 5*x - 36*x + 83514 = 0. Let o = 4485 - x. What is the hundreds digit of o?
7
Let o be 14/(-77) - (-2900)/(-22). Let k = 136 + o. Suppose 0 = -5*r - 5, k*s + 2*r - 217 = -3. What is the units digit of s?
4
Suppose 2*v + q - 2 = 0, -5*v - 6*q + 2 = -2*q. Suppose -2*i - 13*f + 840 = -17*f, -2*i + 840 = v*f. What is the units digit of i?
0
Let f(g) = g**2 - 13*g + 60. Let q be f(7). Suppose -n + 3*c = -1086, 398 = n + 3*c - 664. Suppose 12*d - q*d + n = 0. What is the tens digit of d?
7
Let k be ((-860)/516)/(431/216 - 2). Let y be (-964)/(-6)*(-9)/(-6). Let n = k - y. What is the units digit of n?
9
Suppose -475 - 82 = -x. Let g = 794 - x. Suppose -35*t + 38*t = g. What is the units digit of t?
9
Suppose x = -3*a - 1542, -a + 3*x + 61 = 575. Let n = 599 + a. What is the units digit of n?
5
Let f = -342 + 527. Suppose f = 2*l + 3*o, 2*l - 5*o - 45 = 148. What is the units digit of l?
4
Let a be (-1)/(5/(-20)) - -5. Suppose a*n - 3*u = 6*n + 489, 0 = -3*n - 5*u + 529. What is the tens digit of n?
6
Let j(f) = f**3 + 83*f**2 - 270*f - 63. What is the ten thousands digit of j(-75)?
6
Let b(u) = 33*u**2 - 33*u - 186. What is the thousands digit of b(18)?
9
What is the units digit of 5745831/377 + (5 - 1287/261)?
1
Let f be (((-50)/4)/(-5))/(3/(-6)). Let j be (578/f)/(6/(-30)). Suppose 3*t - j = 25. What is the units digit of t?
1
Suppose -4*f = -4*x + 36, 0*f + 28 = 3*x - 4*f. Let w be 1*4*(-4)/x. What is the units digit of (10 + w)/(6/57)?
6
Let l = -7338 - -20563. What is the units digit of l?
5
Let c(j) be the first derivative of 2*j**3/3 - j**2 + 8*j - 8. Let w be c(-7). Suppose -2*l - 2*k + w = 12, k + 44 = l. What is the units digit of l?
9
Let c be (-22)/11 + (-2)/3*6. Let i(w) = 24*w**2 - 9*w - 51. What is the units digit of i(c)?
7
Let q be (1/(-3))/((-8)/56)*3. Let f(m) = -5*m + 17. Let j be f(q). Let o = 38 + j. What is the tens digit of o?
2
Suppose -1 = 9*l - 8*l. What is the tens digit of (10 - l) + 12/((-18)/(-3))?
1
Let w(o) = o**2 - o - 4. Let z be w(4). Let y be (-50)/(-4)*z/20. Suppose -9*t = -y*t - 68. What is the units digit of t?
7
Suppose -2*k = -2*n - 41654, 0 = 3*n - 14 + 35. What is the units digit of k?
0
Suppose -4*w - 12252 = -2*v, 0 = -45*v + 44*v + 5*w + 6126. What is the hundreds digit of v?
1
Let d = 1940 + 221. What is the units digit of d?
1
Suppose 77 = -3*f + 71, -34017 = -5*m - 4*f. What is the units digit of m?
5
What is the hundreds digit of 112/(-3)*((-39879)/54 + -37)?
9
Let a be (-46)/(-14) - 3 - 94/(-14). Suppose a*s + 2 = 16. Suppose -s*l + 3*p = -7*l + 392, 72 = l - p. What is the tens digit of l?
7
Suppose 3*l - 145808 = -s, 2*l - 33*s - 97212 = -35*s. What is the thousands digit of l?
8
Let q be (-5)/2*20/(-25). Let i(j) = 72*j**2 + 3*j - 5. Let r be i(q). Let f = r + -176. What is the hundreds digit of f?
1
Let t = -8927 - -15051. What is the hundreds digit of t?
1
Let u(c) = -c**3 + 4*c. Let t be u(-2). Suppose 276 = 2*d - 2*l, -5*d + 2*l + 385 = -302. Suppose t = -4*j + 251 + d. What is the units digit of j?
7
Let s(p) = -2*p**2 - 21*p + 35. Let k be s(-11). Suppose 0 = -10*m - 2*m - k. Let g(z) = -28*z - 4. What is the units digit of g(m)?
2
Let l = -345 + 366. What is the hundreds digit of 176*(5 + l/(-14))?
6
Let h = -6279 + 31413. What is the tens digit of h?
3
Suppose -w + 300 = 3*r, -3*r + 285 = -w - 3*w. Suppose -4*j + r = 7*j. Let i = j - -17. What is the units digit of i?
6
Let q(x) = -5*x - 14. Let y(k) = 9*k + 29. Let a(s) = -9*q(s) - 4*y(s). Let h be a(3). Let c = h + 73. What is the units digit of c?
0
Suppose -3*p = -13 + 4. Suppose p*l + 2*s = 